3*c. Let v(r) = r**2 - 10*r + 7. Give v(c).
-9
Let a(g) = -318 + 23*g - 192 - 285 + 654. Give a(6).
-3
Let g(c) = 55*c + 100*c + 2 - 12 - 205*c + 71*c - 4*c**2. Determine g(8).
-98
Let m = -18 - -27. Let d be ((-8)/(-3))/(m/27). Let g(t) be the third derivative of t**4/24 + t**3/6 - 24*t**2 + 1. Calculate g(d).
9
Let c(x) be the second derivative of x**4/6 + x**3/6 - 43*x**2/2 + 29*x. Let o(f) be the first derivative of c(f). What is o(-2)?
-7
Let t = 8099 + -8093. Let d(l) be the second derivative of 2*l**2 - 1/20*l**5 + 0 + 5/12*l**4 + 5/6*l**3 - l. What is d(t)?
-2
Suppose 32 = -3*d + 4*d - 5*n, d - n - 12 = 0. Let w(a) = 0*a**2 - 16 + 120*a - d*a**2 - 107*a + 8*a**2. Determine w(-14).
-2
Let m(d) = d**3 - 9*d**2 - 8*d. Suppose 0 = 10*u - 3 - 97. What is m(u)?
20
Let g(z) = 8*z**2 - 145*z - 141. Let u(d) = -6*d**2 + 109*d + 105. Let w(l) = -10*g(l) - 13*u(l). Determine w(18).
-9
Let y(g) = 5. Let o(m) = -4*m**2 + 6*m - 24. Let f(t) = -o(t) - 6*y(t). What is f(-4)?
82
Let h(a) = 19973136 - 19973109 - 13*a + a**2 - 3*a. What is h(4)?
-21
Let i = -54 - -61. Suppose -z + i = -4*y, -4*y + 11 = 3*z + 2*z. Let p be ((-3)/2)/(y*3/16). Let h(c) = c + 11. Give h(p).
19
Let f = -208 - -211. Let i(k) = -20*k**2 - 2*k + 2. Let w(t) = 8*t**2 + t - 1. Let s(u) = f*i(u) + 7*w(u). Give s(1).
-4
Let j(v) = -177 + 91 + 70 + 140*v - 144*v. Give j(4).
-32
Let v be (-3 + 27)*46/92. Let a(o) = 1 + 5 - 13*o**2 + 11*o - 2*o**3 + 3*o**3. Calculate a(v).
-6
Let u be (-117)/(-24) - (-2)/(-96)*-6. Let z(m) = 2*m**2 - m + 12. Determine z(u).
57
Let q(i) = 7*i**2 + 4*i + 3. Let d(y) = y**2. Let n = 300 - 306. Let b(a) = n*d(a) + q(a). Give b(-3).
0
Let a(q) = 313*q + 657. Let v be a(-2). Let y(s) = s**3 - 31*s**2 + s - 35. Give y(v).
-4
Suppose -c - p = 4*c - 271, 4*c = -p + 216. Suppose -2*g + 57 = c. Let s(t) = 9*t - 14*t + g + t**2 - 1. Calculate s(5).
0
Let q = 504 - 466. Let y(k) = k + q - 9 + 0*k - 15. Calculate y(-13).
1
Let b(u) be the third derivative of -u**6/60 + u**5/20 - u**4/12 + u**3/3 + 84*u**2 - 3. Determine b(2).
-6
Let p(h) be the second derivative of -h**3 + 3*h**2/2 + 335*h. Let c(o) = 2*o**3 - 21*o**2 - 12*o + 15. Let q be c(11). Give p(q).
-21
Let i(x) be the first derivative of x**4/4 - 17*x**3/3 - 61*x**2/2 + 16*x + 483. Give i(20).
-4
Let s(u) = -54*u**2 - 811*u - 13. Let k be s(-15). Let z(d) = 6*d**2 + 5*d. Determine z(k).
34
Let p(y) = 9*y - 25 - 8 - 20*y + 8*y. Let l be p(-11). Suppose l = 5*b - n - 13 + 3, 2*n + 6 = 3*b. Let z(k) = -k**2 + k - 1. Give z(b).
-3
Let w(q) be the second derivative of -q**6/120 - q**5/10 + q**4/8 + 7*q**3/3 + 65*q**2 + 31*q. Let x(a) be the first derivative of w(a). Calculate x(-6).
-4
Let x = 128 - 129. Let p be (x - (-4 + 8)) + 1. Let t(g) = g**2 + g - 8. Give t(p).
4
Let i(j) be the second derivative of -j**3/3 + 17*j**2/2 - 27*j - 1. Let u be i(9). Let v(b) = 46 - b**2 - b**2 - 47. Give v(u).
-3
Suppose 0 = 5*u - 17 - 18. Let a(i) = -2*i**2 + 12*i + 1. Give a(u).
-13
Let o(y) = -y**3 - y + 22. Let u(n) = 22*n - 968. Let r be u(44). What is o(r)?
22
Let g(i) = 3*i**2 + 29*i + 58. Let a be g(-3). Let t(m) be the second derivative of 7*m**3/6 - 4*m. Determine t(a).
-14
Suppose 2*y = -5*q + 390 - 360, -5*y - 3*q + 18 = 0. Let k(m) be the second derivative of 3/2*m**2 - 2/3*m**3 + y - m - 1/4*m**4. Give k(2).
-17
Let r be (2*-8)/(5/15). Let p = r + 50. Let o(l) = 7*l + 292*l**3 + 7*l**p - 587*l**3 + 294*l**3 - 6. What is o(8)?
-14
Let l(y) = y**3 - y**2 + y + 1. Let u(b) = -63*b + 12. Let f be u(-2). Suppose -22 - f = -5*g. Suppose g*p - 20*p = 24. Calculate l(p).
7
Let q(g) be the second derivative of 3*g + 1/12*g**4 + 1/6*g**3 - 3/2*g**2 + 12. What is q(-2)?
-1
Let j(q) be the first derivative of q**3/3 + 9*q**2/2 - 112*q + 10116. Give j(-16).
0
Let t(v) = -11*v**3 - 14*v**2 + 5*v - 5. Let z(k) = -9*k**3 - 11*k**2 + 4*k - 6. Let w(d) = 4*t(d) - 5*z(d). Let f = 3 - 3. Give w(f).
10
Suppose -6*a - 2534 + 2654 = 0. Let f(r) = r - 9. Determine f(a).
11
Let f(l) = -14*l**2 + 72*l - 40. Let w be f(4). Let d(h) = h**2 - 26*h + 25. What is d(w)?
-23
Suppose 8*m - 3*m = 25. Let z(v) = -16*v**3 - 4*v**2 - 6*v + 16. Let t(g) = 15*g**3 + 3*g**2 + 5*g - 13. Let n(s) = m*t(s) + 4*z(s). Determine n(1).
10
Let s(o) = -2*o**2 - 4*o + 5. Suppose -27 = -7*m + 29. Let k be (-175)/28 + 6 + (-30)/m. Give s(k).
-11
Suppose 67 = s - 14. Suppose 4*g - 105 = -s. Let v(u) = -8*u + 3 + 3*u - 4 + g*u. Give v(4).
3
Let l be 112/14 - 1*-4. Suppose -m - p = -3*m, 0 = 3*p - l. Let z(u) = -u**2 + u**2 - 38 + 42 - 4*u - u**m. Determine z(-5).
-1
Let a(p) = p**3 - 5*p**2 + p + 4. Let l be 6/(-4)*-3*(-8)/(-36). Let y(q) = 2*q**2 - q. Let t(m) = -m - 1. Let w(j) = -t(j) + y(j). Let i be w(l). Give a(i).
-11
Let p(v) be the third derivative of -67*v**2 + 0 - 1/6*v**3 + 0*v + 1/4*v**4. Calculate p(2).
11
Let f(m) = m**3 - 3*m**2 + 2*m - 3. Let y(s) = -13*s - 8 - 25*s + 26*s. Let t be y(-1). Determine f(t).
21
Let i be -1 - -2 - 129/((-5)/(-5)). Let w be i/(-24) + 2/(-6). Let d(b) = 6 - 3 + w - b. Give d(7).
1
Suppose 0 = -56*b - 55*b + 35*b + 2356. Let i(v) = v**3 - 33*v**2 + 60*v + 81. Calculate i(b).
19
Let m(x) be the first derivative of 58*x**2 + 236*x - 10365. What is m(-2)?
4
Let t(n) = 7*n - 143. Let w be 4 + (-1036)/266 - 1588/(-76) - 4. Calculate t(w).
-24
Let s(l) be the third derivative of -l**4/12 + 10*l**3/3 - 2893*l**2. Give s(4).
12
Let u(d) = -d**2 + 2*d + 3. Let r(p) = p**2 - p - 3. Let i be r(-2). Suppose 100 = -5*m + 5*y, 2*m - 6*y = -i*y - 45. Let n be 0 + (m*1)/(-5). Determine u(n).
0
Suppose -20 = g - 2*k, -5*g + g - 5*k = 106. Let x = 20 - g. Let r = -41 + x. Let l(h) = h**2 - 2*h + 2. Calculate l(r).
5
Suppose -87*y - 71*y = -368 - 1212. Let x(r) = -r**3 + 9*r**2 + 7*r - 11. What is x(y)?
-41
Let a(z) = -14*z**2 - 47 + 119 - 55 + z**3 + 8*z. Calculate a(13).
-48
Let m(r) = -r + 25. Let p(z) = 21*z**2 + 46*z + 46. Let y be p(-1). Determine m(y).
4
Let y = 8 + 25. Suppose -8*s = -y - 15. Let f(u) = -2 + s - 1 - 7*u - 2. What is f(-2)?
15
Suppose -108*c + 1410 = -14*c. Let d(x) = -x**3 + 14*x**2 + 17*x - 5. What is d(c)?
25
Let b(o) = o - 20. Let w(d) = d - 10. Let u = -4 + 7. Suppose 0 = -u*h - 9, -4*f + 2 = 4*h - 6. Let r(n) = f*w(n) - 3*b(n). What is r(-7)?
-4
Let k be -18 - 0*17/(-136). Let t(h) = -h**3 - 18*h**2 + 4*h + 19. Calculate t(k).
-53
Let b(y) = 3*y**3 + 7*y**2 + 7*y. Let g(z) = -2*z**3 - 2*z**2 - z - 3. Let p(x) = b(x) + 2*g(x). What is p(5)?
-31
Suppose 0 = -7*v - 3018 - 3709. Let f = v + 953. Let w(k) = k**2 + 9*k + 12. Calculate w(f).
4
Suppose 5*a = 2*n + 8, 0 = -3*n + n + 2. Let w(k) = -3*k + 8. Let l(m) = -1. Let v(g) = a*l(g) - w(g). Suppose -19*c - 70 = -29*c. What is v(c)?
11
Suppose 0 = -2*q + 9 - 3. Suppose 18 = -4*c + c - 4*r, 30 = -5*c - q*r. Let y(n) = -8 + 17*n**2 - 18*n**2 + 46*n - 55*n. Give y(c).
10
Let k(u) = 6*u + 1. Let j(z) be the third derivative of -5*z**4/24 - z**3/6 + 29*z**2 - 1. Let q(y) = -3*j(y) - 2*k(y). Give q(-9).
-26
Let l(g) = -3*g - 1. Suppose 0 = 3*c + u + 669, -5*u + 2*u + 657 = -3*c. Let s = 219 + c. Calculate l(s).
8
Let l(g) = -46*g - 6 - 51*g + 92*g + 18. Give l(14).
-58
Let p be (-1 - (-20)/8)*(-152)/(-12). Suppose 17*h - p*h = -22. Let b(n) = -h*n**2 + 4*n + 3*n**2 - n - 4*n - 4 - n**3. Give b(-8).
4
Let m be (28 - (-848)/(-32))/(1/2). Let t(p) = -2*p**3 + 5*p**2 - p - 4. What is t(m)?
-16
Suppose -414 - 684 = -104*j - 370. Let d(k) = 24 + k**2 + 10*k**3 - 5 + 7*k**2. Let i(s) = -7*s**3 - 5*s**2 - 13. Let o(m) = j*i(m) + 5*d(m). Determine o(-5).
4
Let u(g) = 8 + 9*g + 6 - 14 - 3 - 28. Determine u(3).
-4
Let o(f) = 4*f - 4*f - 6*f + 2*f - f**2 - 1. Let a be ((16/(-10))/((-82)/(-615)))/2. Give o(a).
-13
Let o(p) = 2*p + 12 - 12 + 4*p + p**3 - 15*p**2 + 8*p**2 - 6. What is o(7)?
36
Let l = -59 + 63. Suppose 0 = 5*i - l*p - 14, -5 + 2 = 3*p. Let j be i/16*4*10. Let v(m) = -m**3 + 5*m**2 + 2*m - 5. What is v(j)?
5
Let j(a) = a**3 - 3*a**2 - 4*a - 3. Let f be (-22 - -16) + (8 - 4). What is j(f)?
-15
Let u be 2/((-4)/(-48)*6). Let t(r) = -23*r + 95. Let k be t(u). Let q(g) = -1. Let m(w) = -w - 5. Let i(h) = -m(h) + 2*q(h). Calculate i(k).
6
Let p(j) = 1680*j + 10400. Let x(f) = -80*f - 495. Let n(q) = 4*p(q) + 85*x(q). Calculate n(-6).
5
Let s(b) be the first derivative of